of g and 22?
22
Suppose -9 = -2*z + 1. Suppose 3*x = z*o + 81, -17 = -2*x + o + 37. Let w = -15 + x. What is the highest common divisor of 3 and w?
3
Let m be 9/(-6)*28/(-2). Suppose 2*n - 29 - 265 = 0. What is the highest common factor of m and n?
21
Suppose 0 = -5*w + 4*w + 8. Suppose -w = -5*m + 2. Calculate the greatest common divisor of m and 22.
2
Suppose -294 = -5*d - w, 10*d - 190 = 7*d - 4*w. Calculate the highest common factor of d and 29.
29
Let c(b) = 6*b - 2. Let x(o) = -o. Let m(n) = -2*c(n) - 6*x(n). Let f be m(-14). Calculate the greatest common factor of f and 11.
11
Let m = 9 - 5. Suppose -x = -q - 4*x, -5*q + 11 = m*x. Suppose -q*u + 4*u = -t + 3, -u = 2*t - 3. What is the greatest common factor of 1 and u?
1
Let c = 11 - 7. What is the highest common divisor of c and 1?
1
Let l be 2*(-6)/(-8)*2. Let n(r) = r**2 + 6*r - 1. Let d be n(-6). Let p = 2 - d. Calculate the greatest common divisor of l and p.
3
Let b(y) = 8*y - 4. Let n be b(7). Calculate the highest common factor of n and 13.
13
Suppose i - 108 = -2*i. Let a be (-4)/(-14)*(-5 + 19). What is the greatest common divisor of i and a?
4
Suppose 204 = -0*t + 4*t. Calculate the greatest common divisor of t and 17.
17
Let z(v) = 4*v**2 + 8*v - 2. Let n be z(-5). Calculate the greatest common factor of n and 87.
29
Let o(f) = -3*f**3 - f**2 + 3 + 6 - 10. Let v be o(-2). Calculate the highest common factor of 76 and v.
19
Let z be (-2)/8 - (-39)/12. Suppose -3*k + 56 = 5*b, -5*k + 0*k + 72 = z*b. What is the greatest common factor of k and 30?
6
Suppose -3*x + 1303 = 5*s, 0 = -s - x - 4*x + 265. Suppose 3*p + s = -p. Let g = p - -120. What is the highest common factor of g and 5?
5
Let v(w) = w**2 + 7*w + 4. Let x be v(-8). Calculate the highest common divisor of x and 60.
12
Suppose -8 + 2 = -3*c - 4*r, c - 18 = 4*r. Calculate the greatest common factor of 66 and c.
6
Let u be ((-741)/(-38))/(3/4). Calculate the greatest common factor of u and 26.
26
Let i(h) = h**2 - 4*h - 56. Let k be i(-6). What is the highest common divisor of 4 and k?
4
Let m(k) = k + 4. Let y be m(-2). Suppose y*l - t = 19, 2*t - 22 = -0*l - 2*l. What is the greatest common divisor of 110 and l?
10
Suppose -2*d + 19 = -s - 37, 5*d = -s + 126. What is the greatest common factor of 169 and d?
13
Suppose -3*j = -3*b + b + 3, 0 = 2*b + 5*j - 11. Calculate the greatest common divisor of b and 24.
3
Suppose 0 = -g + 2*r + 3, 0*g = g - 4*r + 7. Calculate the highest common divisor of 13 and g.
13
Let i = 5 - -28. What is the highest common divisor of 77 and i?
11
Let o(f) be the third derivative of f**5/15 - 5*f**4/24 - 2*f**3/3 - 6*f**2. Let l be o(-5). Calculate the highest common divisor of 11 and l.
11
Let p(m) = m**3 + 13*m**2 - 21*m - 14. Let j be p(-14). Calculate the greatest common factor of 28 and j.
28
Let a be (-2282)/(-63) + (-4)/18. Let v(g) = -2*g**3 - 2*g**2 - 3*g - 2. Let z be v(-2). What is the greatest common divisor of z and a?
12
Let g = 4 + 5. Let c = -22 + 31. What is the greatest common divisor of g and c?
9
Suppose -k + 27 = h, -3*h - 4*k + 91 = -3*k. Calculate the greatest common factor of 8 and h.
8
Let r(v) = v**3 - 11*v**2 + 14*v - 5. Let s be r(10). Suppose -3*c + 13 = -2. What is the highest common divisor of c and s?
5
Let o be 25/3 + (-1)/3. Let j = 174 + -302. Let g = -72 - j. What is the highest common factor of g and o?
8
Let j(r) = 5*r - 16. Let o be j(8). Calculate the highest common factor of 8 and o.
8
Let r(k) = -k**3 + k**2 + 2*k + 2. Let s be r(-3). Suppose 7*a - 9*a + 160 = 0. What is the greatest common divisor of s and a?
16
Let t be 6/9 - 228/(-9). Suppose 0 = 3*a + 2*a - 195. What is the greatest common factor of a and t?
13
Let h(d) = -2*d**2 - d + 1. Let a be h(0). What is the highest common factor of 11 and a?
1
Let g be (-6)/15*(-2 - 133). Let t(r) = g*r + 10 - 10. Let f be t(1). Calculate the greatest common divisor of f and 9.
9
Suppose 5*q = 2*d - 4 - 10, -5*q = d - 7. Calculate the greatest common divisor of 35 and d.
7
Let i(a) = -a**3 + 11*a**2 - 10*a + 6. Let t be i(10). Let y(u) = u**2 - 4*u - 3. Let o be y(t). Calculate the greatest common factor of 72 and o.
9
Let a = -9 + 10. Calculate the greatest common divisor of 1 and a.
1
Let w(g) = 4*g + 10. Let f be w(-7). Let z be 484/24 - (-3)/f. Calculate the highest common divisor of z and 180.
20
Suppose 0*z = -z - 2*n + 21, -5*z - 5*n + 100 = 0. Suppose -4*i - 3*c + 2*c + 840 = 0, 4*i - 4*c = 820. What is the highest common divisor of z and i?
19
Let o = -19 - -24. What is the highest common divisor of o and 35?
5
Let d be (-32)/(-6)*(-11 - -14) - 1. Calculate the greatest common divisor of 20 and d.
5
Suppose -2*p + 66 = 2*p - 2*v, 0 = -5*p - 4*v + 102. Suppose 3*t + 5*r = 190, t - 38 - p = 2*r. What is the highest common factor of 24 and t?
12
Let f be (-6)/(-8) - 459/(-12). Let m = 5 + f. What is the highest common factor of 4 and m?
4
Suppose 1138 - 378 = 8*h. Suppose -n = 2*n. Suppose n = -5*x + 4*a + a + h, -3*a = 4*x - 55. Calculate the highest common factor of 80 and x.
16
Suppose 3*b + 15 = 0, -5*b = -0*g - 2*g + 53. What is the highest common factor of g and 266?
14
Let w be 1*-3 - 30/(-5). Suppose 2*p + 44 = 5*a + w*p, 2*a + 3*p = 28. Calculate the greatest common factor of 20 and a.
4
Suppose s + s = -o + 10, 0 = -s + 4. Suppose 0 = o*r - 4*r + 14. What is the greatest common divisor of 1 and r?
1
Let r be (-3 + 4)*(1 + 0). Let h(j) = 0 + r + 0*j**2 + 12*j**2 + 2*j. Let c be h(-1). What is the greatest common factor of 33 and c?
11
Suppose -2*q - d = 3*d + 132, 3*q + 5*d = -202. Let w = 14 - q. What is the highest common factor of w and 8?
8
Suppose -62 - 34 = -4*c. What is the greatest common factor of 60 and c?
12
Suppose -2 - 1 = 3*v. Let p = -12 + v. Let n = p - -18. Calculate the highest common divisor of n and 1.
1
Let h = 14 + 6. Let v(a) = 5*a**2 + a + 2. Let d be v(3). What is the greatest common divisor of h and d?
10
Let d be ((-6)/5)/((-1)/10). What is the highest common factor of d and 60?
12
Let f(k) be the first derivative of -k**4/4 + 2*k**3 - 5*k**2/2 + 7*k - 1. Let d be f(5). Calculate the highest common divisor of d and 7.
7
Let u(k) = -k**3 - k**2. Let l be u(0). Let a = 5 - l. Suppose a*m - 49 - 11 = 0. What is the highest common factor of m and 132?
12
Let t(h) = h**3 - 7*h**2 + h - 5. Let j be t(7). Suppose 5*q = j*q. Let v = q + 20. Calculate the highest common divisor of 10 and v.
10
Suppose 3*n - 7 + 1 = 0, n + 934 = 4*w. Calculate the greatest common divisor of w and 26.
26
Let t = -18 + 39. Suppose -7 - t = -4*s. What is the greatest common divisor of 56 and s?
7
Let q = 16 - 6. Let h(f) = -f + 4. Let z be h(5). Let s = 3 - z. Calculate the greatest common divisor of s and q.
2
Let g = -5 - -140. Suppose 2*f - 2 + 0 = 0. Let h(i) = 15*i**2 + i - 1. Let o be h(f). Calculate the greatest common factor of o and g.
15
Let a(q) = q**3 + 3*q**2 + q. Let w be a(-2). Suppose -3*r + 23 = -w*r. What is the highest common divisor of r and 23?
23
Let d(q) = q**3 + 10*q**2 + 9*q + 11. Let f be d(-9). Suppose 2*c - 33 = -f. What is the highest common divisor of 121 and c?
11
Suppose 83 = 4*x + 3. What is the greatest common divisor of 260 and x?
20
Suppose 2*c + q = -43, -c - 3*q - 14 = -0*q. Suppose -4*a = -88 - 64. Let t = a + c. Calculate the highest common divisor of 135 and t.
15
Let p = 82 + -46. Suppose -4*w - p = -10*w. Calculate the highest common divisor of 4 and w.
2
Let o(k) = -k**3 + 23*k**2 + 25*k - 7. Let g be o(24). Calculate the greatest common factor of g and 85.
17
Let h(d) = d**2 - 6*d + 7. Let k be h(5). Let p be 2/(-4) + 13/k. Let w = 41 - -1. What is the highest common factor of w and p?
6
Suppose 2*x - 18 = -u, 3*u + 0*u - 2*x - 30 = 0. Calculate the greatest common divisor of u and 60.
12
Let y = -16 - -76. Let t(l) = -l**3 - 4*l**2 + 5. Let w be t(-4). Suppose w*j + 5 = 0, 2*z - j + 2 - 51 = 0. What is the greatest common divisor of z and y?
12
Let m(d) = 3*d + 2. Let n(z) = 4*z + 2. Let r(h) = 2*m(h) - 3*n(h). Let j be r(-5). Suppose v - 20 = -4*v. What is the highest common divisor of j and v?
4
Let a be (-3)/(-3) + -1 + 20. Suppose 3*z + z - a = 0. Let s = -8 + 13. Calculate the highest common divisor of s and z.
5
Let k be ((-264)/(-5))/(1